16413
List the prime factors of 94078888.
2, 79, 148859
List the prime factors of 3122808183.
3, 11, 17, 1855501
What are the prime factors of 123780182?
2, 109, 661, 859
List the prime factors of 580719691.
580719691
What are the prime factors of 481113252?
2, 3, 149, 257, 349
List the prime factors of 2429370858.
2, 3, 53, 137, 55763
What are the prime factors of 400525536?
2, 3, 4172141
What are the prime factors of 2042383846?
2, 1021191923
What are the prime factors of 390081185?
5, 13, 6001249
What are the prime factors of 1179950?
2, 5, 23599
What are the prime factors of 7673188?
2, 17, 19, 5939
List the prime factors of 146451337.
4969, 29473
What are the prime factors of 368716101?
3, 13, 257, 36787
What are the prime factors of 7311311?
7, 37, 28229
List the prime factors of 963590040.
2, 3, 5, 7, 197, 647
What are the prime factors of 10339208?
2, 11, 971
List the prime factors of 50232163.
50232163
What are the prime factors of 226092456?
2, 3, 359, 8747
List the prime factors of 65991648.
2, 3, 687413
What are the prime factors of 7152298502?
2, 3576149251
What are the prime factors of 2675790970?
2, 5, 151, 1772047
What are the prime factors of 53741207?
13, 4133939
List the prime factors of 99485872.
2, 6217867
What are the prime factors of 325810479?
3, 23, 4721891
List the prime factors of 27339447.
3, 1283, 7103
List the prime factors of 358565241.
3, 17, 7030691
What are the prime factors of 6740750447?
56333, 119659
What are the prime factors of 748492709?
149, 307, 16363
List the prime factors of 8435489.
8435489
List the prime factors of 2991952606.
2, 1495976303
What are the prime factors of 796946470?
2, 5, 79, 1008793
What are the prime factors of 751345699?
13, 57795823
What are the prime factors of 3844988664?
2, 3, 11, 29, 173, 2903
List the prime factors of 372605508.
2, 3, 11, 34849
List the prime factors of 2812288712.
2, 351536089
List the prime factors of 8102861330.
2, 5, 1783, 454451
List the prime factors of 934481583.
3, 7, 37, 133631
List the prime factors of 1528896276.
2, 3, 47, 359, 839
List the prime factors of 229283204.
2, 59, 283, 3433
What are the prime factors of 1582644361?
1063, 1488847
What are the prime factors of 1208779579?
7, 43, 563, 1019
List the prime factors of 2477275361.
11, 617, 365003
List the prime factors of 1776093206.
2, 20233, 43891
What are the prime factors of 1041489849?
3, 367, 945949
What are the prime factors of 1150228789?
17, 7517, 9001
List the prime factors of 463669891.
101, 257, 17863
What are the prime factors of 1137454235?
5, 103, 563, 3923
List the prime factors of 4135935944.
2, 7, 2713, 3889
List the prime factors of 258933760.
2, 5, 103, 491
What are the prime factors of 227532611?
107, 373, 5701
List the prime factors of 135161898.
2, 3, 22526983
List the prime factors of 167322327.
3, 55774109
What are the prime factors of 72769509?
3, 173, 577
List the prime factors of 216602910.
2, 3, 5, 89137
List the prime factors of 108949769.
79, 1379111
List the prime factors of 136711696.
2, 11, 197, 3943
List the prime factors of 41397840.
2, 3, 5, 11, 5227
What are the prime factors of 373892578?
2, 186946289
List the prime factors of 4017835568.
2, 251114723
List the prime factors of 22383840.
2, 3, 5, 46633
What are the prime factors of 120260433?
3, 149, 269039
What are the prime factors of 460325812?
2, 115081453
What are the prime factors of 1396705340?
2, 5, 69835267
What are the prime factors of 1615121900?
2, 5, 7, 83, 27799
What are the prime factors of 37247651?
7, 2273, 2341
List the prime factors of 54663712.
2, 1063, 1607
What are the prime factors of 22241566?
2, 11120783
What are the prime factors of 3742549173?
3, 11, 37803527
List the prime factors of 65104408.
2, 43, 189257
What are the prime factors of 17464181?
7, 2494883
What are the prime factors of 1752625060?
2, 5, 71, 1234243
What are the prime factors of 17296726?
2, 19, 455177
What are the prime factors of 25020403?
47, 532349
List the prime factors of 5173424954.
2, 7559, 342203
List the prime factors of 346871299.
346871299
What are the prime factors of 194559636?
2, 3, 83, 195341
List the prime factors of 104939527.
7, 11, 19, 10247
What are the prime factors of 93289020?
2, 3, 5, 11, 107, 1321
What are the prime factors of 987373539?
3, 397, 276343
What are the prime factors of 497192349?
3, 165730783
What are the prime factors of 186043315?
5, 193, 192791
List the prime factors of 212036561.
11, 19, 439, 2311
List the prime factors of 1669184095.
5, 333836819
List the prime factors of 12374388.
2, 3, 13, 137, 193
What are the prime factors of 2135480073?
3, 823, 864917
What are the prime factors of 130184449?
130184449
What are the prime factors of 76326175?
5, 17, 179591
List the prime factors of 57615164.
2, 14403791
What are the prime factors of 3132731394?
2, 3, 13, 823, 16267
What are the prime factors of 376538601?
3, 125512867
What are the prime factors of 1551966432?
2, 3, 131, 123407
What are the prime factors of 560261131?
560261131
List the prime factors of 836504917.
23, 37, 982967
List the prime factors of 432621359.
432621359
List the prime factors of 5047576.
2, 101, 6247
What are the prime factors of 174423503?
8011, 21773
List the prime factors of 87892887.
3, 61, 103, 4663
List the prime factors of 1690072389.
3, 47, 3995443
List the prime factors of 19279117.
11, 13, 31, 4349
What are the prime factors of 51143785?
5, 7, 11, 71, 1871
List the prime factors of 87468754.
2, 61, 787, 911
What are the prime factors of 54392604?
2, 3, 7, 647531
What are the prime factors of 424264350?
2, 3, 5, 2828429
What are the prime factors of 157642752?
2, 3, 12829
List the prime factors of 360623907.
3, 7, 17, 4157
What are the prime factors of 162368491?
162368491
What are the prime factors of 694590071?
7, 99227153
What are the prime factors of 57683626?
2, 7, 11, 13, 28813
What are the prime factors of 7527819015?
3, 5, 191, 875837
What are the prime factors of 170082110?
2, 5, 11, 17, 19, 4787
List the prime factors of 835233058.
2, 11, 41, 925979
List the prime factors of 24184793.
41, 589873
List the prime factors of 2122666590.
2, 3, 5, 11, 331, 19433
What are the prime factors of 49297659?
3, 79, 2633
What are the prime factors of 9947109?
3, 23, 144161
What are the prime factors of 208315114?
2, 7, 1327, 11213
What are the prime factors of 32207374?
2, 16103687
What are the prime factors of 9661377690?
2, 3, 5, 107348641
List the prime factors of 1768868537.
1768868537
List the prime factors of 5782687782.
2, 3, 963781297
List the prime factors of 1763525734.
2, 83, 10623649
What are the prime factors of 2366529812?
2, 17, 34801909
List the prime factors of 36605364.
2, 3, 3050447
What are the prime factors of 2586831251?
107, 24175993
List the prime factors of 2654266113.
3, 503, 586319
List the prime factors of 356294220.
2, 3, 5, 5938237
What are the prime factors of 233767921?
61, 509, 7529
What are the prime factors of 19198191?
3, 6399397
List the prime factors of 35232006.
2, 3, 83, 263, 269
List the prime factors of 39037579.
7, 157, 35521
List the prime factors of 8707156.
2, 23, 31, 43, 71
List the prime factors of 79691248.
2, 7, 13, 1117
List the prime factors of 7853753.
7853753
List the prime factors of 269291138.
2, 134645569
List the prime factors of 627271253.
7, 17, 613, 8599
List the prime factors of 52614153.
3, 607, 9631
List the prime factors of 1089568598.
2, 544784299
What are the prime factors of 304211887?
7, 43458841
List the prime factors of 757007873.
103, 349, 21059
List the prime factors of 52746073.
3739, 14107
What are the prime factors of 201909912?
2, 3, 41, 449, 457
What are the prime factors of 1144345631?
11, 13, 53, 150989
List the prime factors of 69817177.
31, 1181, 1907
List the prime factors of 22306763.
31, 719573
What are the prime factors of 33600322?
2, 7, 19, 126317
List the prime factors of 29330393.
113, 2297
List the prime factors of 88583232.
2, 3, 353, 1307
List the prime factors of 1261558641.
3, 7, 60074221
List the prime factors of 955274239.
29, 1135879
List the prime factors of 52972077.
3, 131, 134789
What are the prime factors of 936167134?
2, 7, 131, 510451
What are the prime factors of 2037397998?
2, 3, 